{"id":345,"date":"2022-05-31T03:06:15","date_gmt":"2022-05-31T01:06:15","guid":{"rendered":"https:\/\/fatiha2022.fr\/?page_id=345"},"modified":"2022-10-07T19:15:42","modified_gmt":"2022-10-07T17:15:42","slug":"radios","status":"publish","type":"page","link":"https:\/\/fatiha2022.fr\/index.php\/radios\/","title":{"rendered":"Radios"},"content":{"rendered":"\n<p><\/p>\n\n\n\n<p><\/p>\n\n\n\n<hr class=\"wp-block-separator has-alpha-channel-opacity\"\/>\n\n\n\n<figure class=\"wp-block-image size-full\"><img loading=\"lazy\" width=\"684\" height=\"618\" src=\"https:\/\/fatiha2022.fr\/wp-content\/uploads\/2022\/10\/itw-Peggy-Sastre.png\" alt=\"\" class=\"wp-image-721\"\/><figcaption><a href=\"https:\/\/www.lepoint.fr\/podcasts\/les-contrariantes\/en-france-c-est-facile-d-etre-une-femme-musulmane-orthodoxe-05-08-2022-2485493_4230.php\" target=\"_blank\" rel=\"noreferrer noopener\">https:\/\/www.lepoint.fr\/podcasts\/les-contrariantes\/en-france-c-est-facile-d-etre-une-femme-musulmane-orthodoxe-05-08-2022-2485493_4230.php<\/a><\/figcaption><\/figure>\n\n\n\n<hr class=\"wp-block-separator has-alpha-channel-opacity\"\/>\n\n\n\n<p>Cliquez sur la photo pour \u00e9couter le d\u00e9bat :<\/p>\n\n\n\n<figure class=\"wp-block-image size-large\"><a href=\"https:\/\/www.francebleu.fr\/infos\/politique\/legislatives-revivez-le-debat-dans-la-3eme-circonscription-de-haute-garonne-1654615764\"><img loading=\"lazy\" width=\"1024\" height=\"1024\" src=\"https:\/\/fatiha2022.fr\/wp-content\/uploads\/2022\/06\/debat_france_bleu-1024x1024.jpg\" alt=\"\" class=\"wp-image-492\" srcset=\"https:\/\/fatiha2022.fr\/wp-content\/uploads\/2022\/06\/debat_france_bleu-1024x1024.jpg 1024w, https:\/\/fatiha2022.fr\/wp-content\/uploads\/2022\/06\/debat_france_bleu-300x300.jpg 300w, https:\/\/fatiha2022.fr\/wp-content\/uploads\/2022\/06\/debat_france_bleu-150x150.jpg 150w, https:\/\/fatiha2022.fr\/wp-content\/uploads\/2022\/06\/debat_france_bleu-768x767.jpg 768w, https:\/\/fatiha2022.fr\/wp-content\/uploads\/2022\/06\/debat_france_bleu.jpg 1079w\" sizes=\"(max-width: 1024px) 100vw, 1024px\" \/><\/a><\/figure>\n\n\n\n<hr class=\"wp-block-separator has-alpha-channel-opacity\"\/>\n\n\n\n<p><\/p>\n\n\n\n<p><\/p>\n\n\n\n<p>Dans l&rsquo;\u0152il de l&rsquo;ACTU &#8211; 29 mai 2022<br><\/p>\n\n\n\n<figure class=\"wp-block-audio\"><audio controls src=\"https:\/\/www.edjt.org\/-RKA-2020\/podcast\/29-mai-DS%20L%20OEIL%20DE%20L%20ACTU%20290522.mp3\"><\/audio><\/figure>\n\n\n\n<hr class=\"wp-block-separator has-alpha-channel-opacity\"\/>\n\n\n\n<figure class=\"wp-block-image size-full\"><a href=\"https:\/\/www.europe1.fr\/societe\/la-mixite-scolaire-doit-tirer-vers-le-haut-plaide-fatiha-agag-boudjahlat-4060084\" target=\"_blank\" rel=\"noreferrer noopener\"><img loading=\"lazy\" width=\"686\" height=\"328\" src=\"https:\/\/fatiha2022.fr\/wp-content\/uploads\/2022\/06\/itw-europe1.png\" alt=\"\" class=\"wp-image-509\" srcset=\"https:\/\/fatiha2022.fr\/wp-content\/uploads\/2022\/06\/itw-europe1.png 686w, https:\/\/fatiha2022.fr\/wp-content\/uploads\/2022\/06\/itw-europe1-300x143.png 300w\" sizes=\"(max-width: 686px) 100vw, 686px\" \/><\/a><\/figure>\n\n\n\n<hr class=\"wp-block-separator has-alpha-channel-opacity\"\/>\n\n\n\n<div class=\"wp-block-media-text alignwide is-stacked-on-mobile is-vertically-aligned-top\"><figure class=\"wp-block-media-text__media\"><img loading=\"lazy\" width=\"822\" height=\"1024\" src=\"https:\/\/fatiha2022.fr\/wp-content\/uploads\/2022\/06\/express-audio-822x1024.jpg\" alt=\"\" class=\"wp-image-488 size-full\" srcset=\"https:\/\/fatiha2022.fr\/wp-content\/uploads\/2022\/06\/express-audio-822x1024.jpg 822w, https:\/\/fatiha2022.fr\/wp-content\/uploads\/2022\/06\/express-audio-241x300.jpg 241w, https:\/\/fatiha2022.fr\/wp-content\/uploads\/2022\/06\/express-audio-768x957.jpg 768w, https:\/\/fatiha2022.fr\/wp-content\/uploads\/2022\/06\/express-audio.jpg 1080w\" sizes=\"(max-width: 822px) 100vw, 822px\" \/><\/figure><div class=\"wp-block-media-text__content\">\n<p>Publi\u00e9 le 14\/01\/2021 &#8211; Par Amandine Hirou<\/p>\n\n\n\n<p class=\"has-large-font-size\">L&rsquo;article est certes r\u00e9serv\u00e9 aux abonn\u00e9s, mais peut \u00eatre \u00e9cout\u00e9 :<\/p>\n\n\n\n<p><a href=\"https:\/\/www.lexpress.fr\/actualite\/societe\/affaire-boudjahlat-comment-la-prof-s-est-retrouvee-prise-pour-cible-par-des-syndicats_2142662.html\">https:\/\/www.lexpress.fr\/actualite\/societe\/affaire-boudjahlat-comment-la-prof-s-est-retrouvee-prise-pour-cible-par-des-syndicats_2142662.html<\/a><\/p>\n<\/div><\/div>\n\n\n\n<hr class=\"wp-block-separator has-alpha-channel-opacity\"\/>\n\n\n\n<figure class=\"wp-block-embed is-type-video is-provider-youtube wp-block-embed-youtube wp-embed-aspect-16-9 wp-has-aspect-ratio\"><div class=\"wp-block-embed__wrapper\">\n<iframe loading=\"lazy\" title=\"Indig\u00e9nisme et radicalisme dans l\u2019\u00c9ducation Nationale :  Fatiha Agag-Boudjahalat sur Radio J\" width=\"580\" height=\"326\" src=\"https:\/\/www.youtube.com\/embed\/B0wHfhnK3Pk?feature=oembed\" frameborder=\"0\" allow=\"accelerometer; autoplay; clipboard-write; encrypted-media; gyroscope; picture-in-picture\" allowfullscreen><\/iframe>\n<\/div><\/figure>\n\n\n\n<hr class=\"wp-block-separator has-alpha-channel-opacity\"\/>\n\n\n\n<p><\/p>\n\n\n\n<p><\/p>\n\n\n\n<figure class=\"wp-block-image size-large\"><a href=\"https:\/\/www.radiofrance.fr\/franceinter\/podcasts\/l-heure-bleue\/combats-avec-fatiha-boudjahlat-et-rebecca-amsellem-7611855\" target=\"_blank\" rel=\"noreferrer noopener\"><img loading=\"lazy\" width=\"707\" height=\"1024\" src=\"https:\/\/fatiha2022.fr\/wp-content\/uploads\/2022\/06\/2018_03_07_HBleue_FrInter-707x1024.jpg\" alt=\"\" class=\"wp-image-508\" srcset=\"https:\/\/fatiha2022.fr\/wp-content\/uploads\/2022\/06\/2018_03_07_HBleue_FrInter-707x1024.jpg 707w, https:\/\/fatiha2022.fr\/wp-content\/uploads\/2022\/06\/2018_03_07_HBleue_FrInter-207x300.jpg 207w, https:\/\/fatiha2022.fr\/wp-content\/uploads\/2022\/06\/2018_03_07_HBleue_FrInter-768x1113.jpg 768w, https:\/\/fatiha2022.fr\/wp-content\/uploads\/2022\/06\/2018_03_07_HBleue_FrInter-1060x1536.jpg 1060w, https:\/\/fatiha2022.fr\/wp-content\/uploads\/2022\/06\/2018_03_07_HBleue_FrInter.jpg 1080w\" sizes=\"(max-width: 707px) 100vw, 707px\" \/><\/a><\/figure>\n\n\n\n<hr class=\"wp-block-separator has-alpha-channel-opacity\"\/>\n\n\n\n<p><\/p>\n\n\n\n<figure class=\"wp-block-embed is-type-video is-provider-youtube wp-block-embed-youtube wp-embed-aspect-16-9 wp-has-aspect-ratio\"><div class=\"wp-block-embed__wrapper\">\n<iframe loading=\"lazy\" title=\"Fatiha Boudjahlat - &quot;L&#039;\u00e9cole, on y va pour apprendre, pas pour un d\u00e9fil\u00e9 de mode !&quot;\" width=\"580\" height=\"326\" src=\"https:\/\/www.youtube.com\/embed\/j8cuplYqFVI?feature=oembed\" frameborder=\"0\" allow=\"accelerometer; autoplay; clipboard-write; encrypted-media; gyroscope; picture-in-picture\" allowfullscreen><\/iframe>\n<\/div><\/figure>\n\n\n\n<p><\/p>\n\n\n\n<hr class=\"wp-block-separator has-alpha-channel-opacity\"\/>\n\n\n\n<p><\/p>\n","protected":false},"excerpt":{"rendered":"<p>Cliquez sur la photo pour \u00e9couter le d\u00e9bat : Dans l&rsquo;\u0152il de l&rsquo;ACTU &#8211; 29 mai 2022 Publi\u00e9 le 14\/01\/2021 &#8211; Par Amandine Hirou L&rsquo;article est certes r\u00e9serv\u00e9 aux abonn\u00e9s, mais peut \u00eatre \u00e9cout\u00e9 : https:\/\/www.lexpress.fr\/actualite\/societe\/affaire-boudjahlat-comment-la-prof-s-est-retrouvee-prise-pour-cible-par-des-syndicats_2142662.html<\/p>\n","protected":false},"author":2,"featured_media":0,"parent":0,"menu_order":0,"comment_status":"closed","ping_status":"closed","template":"","meta":[],"_links":{"self":[{"href":"https:\/\/fatiha2022.fr\/index.php\/wp-json\/wp\/v2\/pages\/345"}],"collection":[{"href":"https:\/\/fatiha2022.fr\/index.php\/wp-json\/wp\/v2\/pages"}],"about":[{"href":"https:\/\/fatiha2022.fr\/index.php\/wp-json\/wp\/v2\/types\/page"}],"author":[{"embeddable":true,"href":"https:\/\/fatiha2022.fr\/index.php\/wp-json\/wp\/v2\/users\/2"}],"replies":[{"embeddable":true,"href":"https:\/\/fatiha2022.fr\/index.php\/wp-json\/wp\/v2\/comments?post=345"}],"version-history":[{"count":14,"href":"https:\/\/fatiha2022.fr\/index.php\/wp-json\/wp\/v2\/pages\/345\/revisions"}],"predecessor-version":[{"id":724,"href":"https:\/\/fatiha2022.fr\/index.php\/wp-json\/wp\/v2\/pages\/345\/revisions\/724"}],"wp:attachment":[{"href":"https:\/\/fatiha2022.fr\/index.php\/wp-json\/wp\/v2\/media?parent=345"}],"curies":[{"name":"wp","href":"https:\/\/api.w.org\/{rel}","templated":true}]}}

<p></p>



<p></p>



<hr class="wp-block-separator has-alpha-channel-opacity"/>



<figure class="wp-block-image size-full"><img loading="lazy" width="684" height="618" src="https://fatiha2022.fr/wp-content/uploads/2022/10/itw-Peggy-Sastre.png" alt="" class="wp-image-721"/><figcaption><a href="https://www.lepoint.fr/podcasts/les-contrariantes/en-france-c-est-facile-d-etre-une-femme-musulmane-orthodoxe-05-08-2022-2485493_4230.php" target="_blank" rel="noreferrer noopener">https://www.lepoint.fr/podcasts/les-contrariantes/en-france-c-est-facile-d-etre-une-femme-musulmane-orthodoxe-05-08-2022-2485493_4230.php</a></figcaption></figure>



<hr class="wp-block-separator has-alpha-channel-opacity"/>



<p>Cliquez sur la photo pour écouter le débat :</p>



<figure class="wp-block-image size-large"><a href="https://www.francebleu.fr/infos/politique/legislatives-revivez-le-debat-dans-la-3eme-circonscription-de-haute-garonne-1654615764"><img loading="lazy" width="1024" height="1024" src="https://fatiha2022.fr/wp-content/uploads/2022/06/debat_france_bleu-1024x1024.jpg" alt="" class="wp-image-492" srcset="https://fatiha2022.fr/wp-content/uploads/2022/06/debat_france_bleu-1024x1024.jpg 1024w, https://fatiha2022.fr/wp-content/uploads/2022/06/debat_france_bleu-300x300.jpg 300w, https://fatiha2022.fr/wp-content/uploads/2022/06/debat_france_bleu-150x150.jpg 150w, https://fatiha2022.fr/wp-content/uploads/2022/06/debat_france_bleu-768x767.jpg 768w, https://fatiha2022.fr/wp-content/uploads/2022/06/debat_france_bleu.jpg 1079w" sizes="(max-width: 1024px) 100vw, 1024px" /></a></figure>



<hr class="wp-block-separator has-alpha-channel-opacity"/>



<p></p>



<p></p>



<p>Dans l&rsquo;Œil de l&rsquo;ACTU &#8211; 29 mai 2022<br></p>



<figure class="wp-block-audio"><audio controls src="https://www.edjt.org/-RKA-2020/podcast/29-mai-DS%20L%20OEIL%20DE%20L%20ACTU%20290522.mp3"></audio></figure>



<hr class="wp-block-separator has-alpha-channel-opacity"/>



<figure class="wp-block-image size-full"><a href="https://www.europe1.fr/societe/la-mixite-scolaire-doit-tirer-vers-le-haut-plaide-fatiha-agag-boudjahlat-4060084" target="_blank" rel="noreferrer noopener"><img loading="lazy" width="686" height="328" src="https://fatiha2022.fr/wp-content/uploads/2022/06/itw-europe1.png" alt="" class="wp-image-509" srcset="https://fatiha2022.fr/wp-content/uploads/2022/06/itw-europe1.png 686w, https://fatiha2022.fr/wp-content/uploads/2022/06/itw-europe1-300x143.png 300w" sizes="(max-width: 686px) 100vw, 686px" /></a></figure>



<hr class="wp-block-separator has-alpha-channel-opacity"/>



<div class="wp-block-media-text alignwide is-stacked-on-mobile is-vertically-aligned-top"><figure class="wp-block-media-text__media"><img loading="lazy" width="822" height="1024" src="https://fatiha2022.fr/wp-content/uploads/2022/06/express-audio-822x1024.jpg" alt="" class="wp-image-488 size-full" srcset="https://fatiha2022.fr/wp-content/uploads/2022/06/express-audio-822x1024.jpg 822w, https://fatiha2022.fr/wp-content/uploads/2022/06/express-audio-241x300.jpg 241w, https://fatiha2022.fr/wp-content/uploads/2022/06/express-audio-768x957.jpg 768w, https://fatiha2022.fr/wp-content/uploads/2022/06/express-audio.jpg 1080w" sizes="(max-width: 822px) 100vw, 822px" /></figure><div class="wp-block-media-text__content">
<p>Publié le 14/01/2021 &#8211; Par Amandine Hirou</p>



<p class="has-large-font-size">L&rsquo;article est certes réservé aux abonnés, mais peut être écouté :</p>



<p><a href="https://www.lexpress.fr/actualite/societe/affaire-boudjahlat-comment-la-prof-s-est-retrouvee-prise-pour-cible-par-des-syndicats_2142662.html">https://www.lexpress.fr/actualite/societe/affaire-boudjahlat-comment-la-prof-s-est-retrouvee-prise-pour-cible-par-des-syndicats_2142662.html</a></p>
</div></div>



<hr class="wp-block-separator has-alpha-channel-opacity"/>



<figure class="wp-block-embed is-type-video is-provider-youtube wp-block-embed-youtube wp-embed-aspect-16-9 wp-has-aspect-ratio"><div class="wp-block-embed__wrapper">
<iframe loading="lazy" title="Indigénisme et radicalisme dans l’Éducation Nationale :  Fatiha Agag-Boudjahalat sur Radio J" width="580" height="326" src="https://www.youtube.com/embed/B0wHfhnK3Pk?feature=oembed" frameborder="0" allow="accelerometer; autoplay; clipboard-write; encrypted-media; gyroscope; picture-in-picture" allowfullscreen></iframe>
</div></figure>



<hr class="wp-block-separator has-alpha-channel-opacity"/>



<p></p>



<p></p>



<figure class="wp-block-image size-large"><a href="https://www.radiofrance.fr/franceinter/podcasts/l-heure-bleue/combats-avec-fatiha-boudjahlat-et-rebecca-amsellem-7611855" target="_blank" rel="noreferrer noopener"><img loading="lazy" width="707" height="1024" src="https://fatiha2022.fr/wp-content/uploads/2022/06/2018_03_07_HBleue_FrInter-707x1024.jpg" alt="" class="wp-image-508" srcset="https://fatiha2022.fr/wp-content/uploads/2022/06/2018_03_07_HBleue_FrInter-707x1024.jpg 707w, https://fatiha2022.fr/wp-content/uploads/2022/06/2018_03_07_HBleue_FrInter-207x300.jpg 207w, https://fatiha2022.fr/wp-content/uploads/2022/06/2018_03_07_HBleue_FrInter-768x1113.jpg 768w, https://fatiha2022.fr/wp-content/uploads/2022/06/2018_03_07_HBleue_FrInter-1060x1536.jpg 1060w, https://fatiha2022.fr/wp-content/uploads/2022/06/2018_03_07_HBleue_FrInter.jpg 1080w" sizes="(max-width: 707px) 100vw, 707px" /></a></figure>



<hr class="wp-block-separator has-alpha-channel-opacity"/>



<p></p>



<figure class="wp-block-embed is-type-video is-provider-youtube wp-block-embed-youtube wp-embed-aspect-16-9 wp-has-aspect-ratio"><div class="wp-block-embed__wrapper">
<iframe loading="lazy" title="Fatiha Boudjahlat - &quot;L&#039;école, on y va pour apprendre, pas pour un défilé de mode !&quot;" width="580" height="326" src="https://www.youtube.com/embed/j8cuplYqFVI?feature=oembed" frameborder="0" allow="accelerometer; autoplay; clipboard-write; encrypted-media; gyroscope; picture-in-picture" allowfullscreen></iframe>
</div></figure>



<p></p>



<hr class="wp-block-separator has-alpha-channel-opacity"/>



<p></p>

<p>Cliquez sur la photo pour écouter le débat : Dans l&rsquo;Œil de l&rsquo;ACTU &#8211; 29 mai 2022 Publié le 14/01/2021 &#8211; Par Amandine Hirou L&rsquo;article est certes réservé aux abonnés, mais peut être écouté : https://www.lexpress.fr/actualite/societe/affaire-boudjahlat-comment-la-prof-s-est-retrouvee-prise-pour-cible-par-des-syndicats_2142662.html</p>
